 is the hundreds digit of 2799341?
3
What is the thousands digit of 6154?
6
What is the millions digit of 19643461?
9
What is the ten thousands digit of 150886?
5
What is the tens digit of 729781?
8
What is the hundreds digit of 2042772?
7
What is the hundred thousands digit of 3600197?
6
What is the hundreds digit of 228771?
7
What is the hundred thousands digit of 599857?
5
What is the ten millions digit of 18374711?
1
What is the ten thousands digit of 4229778?
2
What is the ten millions digit of 13523497?
1
What is the units digit of 13967588?
8
What is the hundreds digit of 1568376?
3
What is the ten thousands digit of 5591552?
9
What is the hundreds digit of 3303231?
2
What is the ten thousands digit of 819954?
1
What is the tens digit of 144634?
3
What is the tens digit of 6255948?
4
What is the units digit of 18127130?
0
What is the units digit of 85431?
1
What is the units digit of 681777?
7
What is the millions digit of 3480273?
3
What is the units digit of 6428652?
2
What is the tens digit of 758950?
5
What is the thousands digit of 479165?
9
What is the ten millions digit of 24965133?
2
What is the hundred thousands digit of 688559?
6
What is the millions digit of 5820719?
5
What is the tens digit of 224072?
7
What is the thousands digit of 594302?
4
What is the millions digit of 5651630?
5
What is the ten thousands digit of 2531177?
3
What is the millions digit of 7758054?
7
What is the units digit of 601392?
2
What is the units digit of 3573772?
2
What is the hundred thousands digit of 332807?
3
What is the units digit of 335377?
7
What is the thousands digit of 211280?
1
What is the ten thousands digit of 211520?
1
What is the millions digit of 5187667?
5
What is the hundreds digit of 33357?
3
What is the millions digit of 7191518?
7
What is the thousands digit of 317167?
7
What is the millions digit of 14607577?
4
What is the millions digit of 36648760?
6
What is the tens digit of 1702751?
5
What is the hundred thousands digit of 17543497?
5
What is the thousands digit of 33537785?
7
What is the tens digit of 512375?
7
What is the thousands digit of 3548971?
8
What is the ten thousands digit of 1387066?
8
What is the thousands digit of 23223666?
3
What is the units digit of 1104567?
7
What is the units digit of 201818?
8
What is the hundred thousands digit of 174387?
1
What is the thousands digit of 266868?
6
What is the tens digit of 172335?
3
What is the millions digit of 2372091?
2
What is the thousands digit of 146121?
6
What is the tens digit of 5327879?
7
What is the ten thousands digit of 4639885?
3
What is the hundreds digit of 136375?
3
What is the tens digit of 770952?
5
What is the ten thousands digit of 5117734?
1
What is the tens digit of 10024943?
4
What is the hundred thousands digit of 701045?
7
What is the tens digit of 37320?
2
What is the ten thousands digit of 255777?
5
What is the hundreds digit of 6909080?
0
What is the ten thousands digit of 260198?
6
What is the tens digit of 467431?
3
What is the units digit of 233734?
4
What is the hundreds digit of 357198?
1
What is the hundreds digit of 2218423?
4
What is the hundred thousands digit of 397356?
3
What is the tens digit of 347492?
9
What is the tens digit of 198054?
5
What is the units digit of 19592830?
0
What is the thousands digit of 19413061?
3
What is the ten millions digit of 10096178?
1
What is the hundreds digit of 2761?
7
What is the hundreds digit of 625358?
3
What is the tens digit of 864407?
0
What is the ten thousands digit of 341328?
4
What is the thousands digit of 55615?
5
What is the millions digit of 1495923?
1
What is the thousands digit of 5449455?
9
What is the tens digit of 1166983?
8
What is the tens digit of 745733?
3
What is the tens digit of 227276?
7
What is the ten thousands digit of 3804785?
0
What is the hundred thousands digit of 422613?
4
What is the hundred thousands digit of 320527?
3
What is the ten thousands digit of 34320?
3
What is the units digit of 138016?
6
What is the hundred thousands digit of 307907?
3
What is the thousands digit of 19860?
9
What is the ten thousands digit of 6439261?
3
What is the hundred thousands digit of 2020812?
0
What is the hundreds digit of 170890?
8
What is the hundreds digit of 4645599?
5
What is the hundreds digit of 64549?
5
What is the units digit of 5308199?
9
What is the millions digit of 4881920?
4
What is the hundred thousands digit of 7597431?
5
What is the ten thousands digit of 170894?
7
What is the units digit of 673586?
6
What is the units digit of 776003?
3
What is the units digit of 589309?
9
What is the tens digit of 14387334?
3
What is the tens digit of 3269702?
0
What is the ten thousands digit of 9615215?
1
What is the ten thousands digit of 4855482?
5
What is the millions digit of 1730005?
1
What is the tens digit of 95520?
2
What is the thousands digit of 721949?
1
What is the hundred thousands digit of 518443?
5
What is the units digit of 138130?
0
What is the units digit of 1511578?
8
What is the tens digit of 93388?
8
What is the units digit of 118634?
4
What is the units digit of 1706549?
9
What is the units digit of 1768292?
2
What is the hundred thousands digit of 159634?
1
What is the tens digit of 610400?
0
What is the units digit of 137184?
4
What is the tens digit of 419623?
2
What is the hundred thousands digit of 14794955?
7
What is the ten thousands digit of 1133484?
3
What is the tens digit of 237304?
0
What is the thousands digit of 926301?
6
What is the units digit of 731949?
9
What is the tens digit of 3634?
3
What is the hundreds digit of 252087?
0
What is the tens digit of 11409060?
6
What is the tens digit of 479789?
8
What is the millions digit of 1211011?
1
What is the hundreds digit of 17790943?
9
What is the thousands digit of 15759010?
9
What is the millions digit of 1576279?
1
What is the ten millions digit of 11425962?
1
What is the units digit of 25989448?
8
What is the tens digit of 184179?
7
What is the ten millions digit of 17014614?
1
What is the units digit of 608772?
2
What is the hundred thousands digit of 857795?
8
What is the hundreds digit of 1103047?
0
What is the ten thousands digit of 10122414?
2
What is the ten thousands digit of 4809002?
0
What is the ten thousands digit of 184109?
8
What is the thousands digit of 144980?
4
What is the hundred thousands digit of 138503?
1
What is the millions digit of 2662692?
2
What is the thousands digit of 29284172?
4
What is the units digit of 6852601?
1
What is the ten thousands digit of 19336832?
3
What is the hundred thousands digit of 673437?
6
What is the ten millions digit of 19988991?
1
What is the tens digit of 203852?
5
What is the ten thousands digit of 3867006?
6
What is the tens digit of 735847?
4
What is the hundreds digit of 518769?
7
What is the hundred thousands digit of 856752?
8
What is the millions digit of 6367750?
6
What is the thousands digit of 318934?
8
What is the ten thousands digit of 1191009?
9
What is the hundred thousands digit of 1418313?
4
What is the hundreds digit of 264994?
9
What is the ten thousands digit of 10987391?
8
What is the thousands digit of 3357374?
7
What is the tens digit of 370380?
8
What is the units digit of 80404?
4
What is the ten thousands digit of 3565357?
6
What is the millions digit of 1191984?
1
What is the hundred thousands digit of 11970413?
9
What is the thousands digit of 6697316?
7
What is the ten thousands digit of 268520?
6
What is the thousands digit of 266290?
6
What is the millions digit of 10106506?
0
What is the hundreds digit of 28997488?
4
What is the ten millions digit of 43526888?
4
What is the hundred thousands digit of 1604034?
6
What is the millions digit of 1199916?
1
What is the ten thousands digit of 137728?
3
What is the tens digit of 100658?
5
What is the ten thousands digit of 838092?
3
What is the ten thousands digit of 1288294?
8
What is the thousands digit of 1743239?
3
What is the units digit of 10663518?
8
What is the hundred thousands digit of 152163?
1
What is the hundred thousands digit of 1845489?
8
What is the tens digit of 233925?
2
What is the hundreds digit of 13698277?
2
What is the hundreds digit of 4591?
5
What is the hundred thousands digit of 220692?
2
What is the millions digit